rime?
True
Is 95411585 prime?
False
Is 35346049 a prime number?
True
Is 8976127 composite?
False
Is 31935851 a prime number?
True
Is 15981941 a composite number?
True
Is 2918717 a composite number?
False
Is 25693363 a prime number?
True
Is 4916027 prime?
True
Is 179331107 a prime number?
True
Is 210216961 composite?
False
Is 6621117 prime?
False
Is 25503529 prime?
False
Is 67025921 a composite number?
False
Is 3048197 a prime number?
True
Is 1114111 composite?
False
Is 34351337 composite?
False
Is 6008507 prime?
True
Is 355716263 a composite number?
True
Is 282993497 a composite number?
False
Is 40231195 a composite number?
True
Is 4362923 composite?
False
Is 380889643 prime?
True
Is 52304611 composite?
False
Is 86791417 prime?
True
Is 225257 prime?
True
Is 222909541 a prime number?
False
Is 10322573 composite?
True
Is 50438737 composite?
False
Is 28110515 prime?
False
Is 43565941 a composite number?
False
Is 370358403 composite?
True
Is 5695069 composite?
False
Is 278903203 a composite number?
True
Is 8803679 a composite number?
False
Is 3840607 prime?
False
Is 20991191 prime?
False
Is 577515643 a prime number?
True
Is 10027393 composite?
False
Is 7742483 prime?
False
Is 53061949 a composite number?
True
Is 102863 a prime number?
False
Is 63994391 a prime number?
True
Is 877831 a prime number?
False
Is 415603 composite?
False
Is 59461901 a prime number?
True
Is 37040851 composite?
False
Is 16596893 prime?
True
Is 16431869 a composite number?
True
Is 271936817 a composite number?
True
Is 1932382 a prime number?
False
Is 6914989 prime?
True
Is 5140351 a prime number?
False
Is 217559 a prime number?
True
Is 761804101 composite?
False
Is 108925357 prime?
True
Is 241795963 a prime number?
False
Is 6697217 a composite number?
True
Is 1339391 a prime number?
True
Is 12768967 prime?
False
Is 31629791 composite?
True
Is 95792491 a composite number?
True
Is 15617717 composite?
False
Is 19635377 a composite number?
True
Is 46219 prime?
True
Is 2590691 a prime number?
True
Is 58875559 composite?
True
Is 139931619 a prime number?
False
Is 12604523 a prime number?
True
Is 296057163 a prime number?
False
Is 1865137 composite?
False
Is 76551883 prime?
False
Is 3061631 a composite number?
False
Is 133758101 a prime number?
True
Is 796115 a prime number?
False
Is 21880231 a composite number?
False
Is 497767 composite?
True
Is 30035501 prime?
True
Is 21387929 prime?
True
Is 9525353 a composite number?
False
Is 430771 composite?
True
Is 4504183 prime?
False
Is 24806303 a composite number?
False
Is 673879 composite?
False
Is 3609161 a composite number?
False
Is 501743 a composite number?
True
Is 166133822 a composite number?
True
Is 156725857 a composite number?
False
Is 36948193 a prime number?
True
Is 148537787 a prime number?
True
Is 43486333 composite?
True
Is 10394161 prime?
False
Is 726331 a composite number?
False
Is 3512771 a prime number?
True
Is 4073929 a prime number?
True
Is 508029415 prime?
False
Is 206696221 composite?
False
Is 6208691 a prime number?
True
Is 316259 a composite number?
False
Is 44394589 prime?
False
Is 70563859 composite?
False
Is 12045499 composite?
True
Is 131754527 a prime number?
True
Is 222877079 a composite number?
True
Is 1252399 composite?
False
Is 166761167 prime?
True
Is 18639562 composite?
True
Is 1960769 prime?
True
Is 343294819 composite?
True
Is 20945039 a composite number?
False
Is 197229457 prime?
True
Is 18829 a composite number?
True
Is 100199057 prime?
False
Is 587848777 prime?
False
Is 795643 a prime number?
True
Is 23690305 a composite number?
True
Is 26236303 a prime number?
False
Is 22530857 a composite number?
False
Is 17592737 prime?
True
Is 12845801 a prime number?
False
Is 102672497 prime?
False
Is 136497761 composite?
False
Is 58044323 a composite number?
True
Is 17421511 composite?
True
Is 471292579 a composite number?
True
Is 1954987 a composite number?
False
Is 7375981 a composite number?
False
Is 18986213 a composite number?
True
Is 46619 prime?
True
Is 287368819 a prime number?
False
Is 959071 a composite number?
True
Is 159027749 prime?
False
Is 329977811 prime?
True
Is 10662479 prime?
True
Is 31687993 a prime number?
False
Is 649307 composite?
False
Is 52665467 prime?
False
Is 176191 composite?
False
Is 6148817 prime?
False
Is 66524377 prime?
False
Is 220919617 a prime number?
True
Is 22379999 composite?
False
Is 592210261 prime?
True
Is 1164937 prime?
True
Is 2673141 prime?
False
Is 41656721 a prime number?
False
Is 18792597 a composite number?
True
Is 20214113 a prime number?
True
Is 35579789 composite?
True
Is 806005 a prime number?
False
Is 8084701 prime?
True
Is 9126077 prime?
True
Is 225611383 a composite number?
False
Is 18042547 composite?
False
Is 13988987 a prime number?
True
Is 13626913 a prime number?
True
Is 3887437 composite?
True
Is 1501309 prime?
False
Is 4965509 a prime number?
True
Is 316403291 a composite number?
False
Is 23091091 a composite number?
False
Is 68252333 composite?
True
Is 295369 a composite number?
True
Is 301789 a prime number?
True
Is 787406413 a prime number?
True
Is 14515703 a composite number?
False
Is 11040863 a composite number?
True
Is 34556773 a prime number?
True
Is 10383731 prime?
True
Is 5756447 a prime number?
True
Is 2869613 a composite number?
False
Is 3584989 prime?
False
Is 636149 a composite number?
False
Is 44939729 prime?
True
Is 38527883 a composite number?
False
Is 6354857 a composite number?
True
Is 404262869 composite?
False
Is 79500919 a prime number?
False
Is 639437 a prime number?
False
Is 6230887 prime?
False
Is 83876599 a prime number?
False
Is 24383798 a prime number?
False
Is 3939683 a composite number?
True
Is 1997101 prime?
True
Is 2815843 a prime number?
True
Is 4203739 a prime number?
False
Is 14249917 composite?
True
Is 101619587 a prime number?
True
Is 148723781 a prime number?
True
Is 670711 prime?
True
Is 5404703 a prime number?
False
Is 1301155 a composite number?
True
Is 5186941 prime?
True
Is 95535493 a composite number?
False
Is 259397 prime?
True
Is 46022051 composite?
True
Is 4120279 a prime number?
True
Is 69410791 prime?
True
Is 122401 a prime number?
True
Is 1908737 composite?
False
Is 12970403 a prime number?
True
Is 1060589 a composite number?
False
Is 1158641 composite?
True
Is 34000763 a composite number?
False
Is 70775711 a prime number?
False
Is 30010163 a prime number?
True
Is 425891 a composite number?
True
Is 20764421 composite?
False
Is 93168759 a composite number?
True
Is 85069507 composite?
True
Is 1465661 a composite number?
False
Is 122709931 prime?
True
Is 102008567 a prime number?
False
Is 225422749 prime?
True
Is 47327587 a prime number?
True
Is 5154269 a prime number?
False
Is 1028057 prime?
False
Is 6255259 composite?
False
Is 58481897 a prime number?
False
Is 187471507 composite?
False
Is 56376737 a composite number?
True
Is 256007959 a prime number?
True
Is 30753263 a composite number?
False
Is 140257201 prime?
False
Is 15669883 prime?
False
Is 5653227 a composite number?
True
Is 30644831 a prime number?
False
Is 122602321 a prime number?
False
Is 3014519 a prime number?
False
Is 35753129 prime?
False
Is 15259331 a composite number?
True
Is 16502071 a prime number?
True
Is 751217 composite?
False
Is 349279367 a composite number?
False
Is 187349 a prime number?
True
Is 121588229 a prime number?
False
Is 5592593 a composite number?
True
Is 15640123 composite?
False
Is 80648149 prime?
False
Is 3813869 a prime number?
True
Is 1071121 a prime number?
True
Is 1692959 a prime number?
True
Is 5797741 prime?
True
Is 11396741 a prime number?
True
Is 30181297 prime?
True
Is 6482909 a prime number?
True
Is 521107 a composite number?
False
Is 267037 a composite number?
False
Is 3714989 composite?
False
Is 1445439 prime?
False
Is 402758711 prime?
False
Is 517117 composite?
True
Is 457459 a composite number?
False
Is 75939691 a composite number?
True
Is 44582933 prime?
True
Is 2404277 a composite number?
True
Is 7014511 composite?
True
Is 6259499 a composite number?
True
Is 2110391 a composite number?
False
Is 1421891 a prime number?
False
Is 120959339 a prime number?
False
Is 6977207 a composite number?
False
Is 8863009 composite?
True
Is 91147211 a prime number?
True
Is 372979241 a prime number?
False
Is 